factors of q?
7
Let r = -97 + 1709. What are the prime factors of r?
2, 13, 31
Let n(q) = -q**2 + 14*q - 26. Let y be n(12). What are the prime factors of y/((-1)/(109/2))?
109
Let a = 11 - 9. Let f = 2 + a. Suppose 3*i + 20 + 33 = f*n, 0 = 5*i - 25. List the prime factors of n.
17
Suppose 4*g = 7*g + 63. Let l = g - -22. List the prime factors of 2 - (-36 + -4 + l).
41
Let v be 12 + 6 - (-2 - 0). List the prime factors of v/14*14/2.
2, 5
Suppose 5*h = 5141 + 84. List the prime factors of h.
5, 11, 19
Suppose 0 = -3*i + 1773 + 807. Suppose 4*b = 9*b - i. List the prime factors of b.
2, 43
Suppose -7 = -3*r + 17. Suppose v + r = 13. Suppose 15 = -v*t + 2*n + 184, 161 = 5*t + 2*n. What are the prime factors of t?
3, 11
Let j(k) = -k**2 - 49*k + 5. List the prime factors of j(-11).
3, 47
Let o be (99/11)/((-1)/(-1)). Suppose 79 = 2*g - o. Suppose -3*k + k + 4*z = -g, 4*z = 8. What are the prime factors of k?
2, 13
Let p(z) = 3 + z**3 + 9*z + 5*z - 22*z + 10*z + 11*z**2. What are the prime factors of p(-10)?
83
List the prime factors of 160 + 30/(-6)*-1.
3, 5, 11
Suppose -4*w - 31 = -5*l, l = -4*l + 5*w + 35. Suppose -46 = -3*p + 4*c, 6 + 6 = -l*c. What are the prime factors of (p/(-4))/((-7)/70)?
5
Let m(t) = 3*t - 21. Let h be m(8). Suppose 5*l + 3*c - 1367 = 0, 4*l + h*c = -2*c + 1091. What are the prime factors of l?
2, 137
Suppose -3*j - 4 = -4*j. Let h be j - (0/1 + 112). Let n = -64 - h. List the prime factors of n.
2, 11
Let n(p) = -p**3 - 19*p**2 - 17*p + 22. Let g be n(-18). Let i be g + 1 + -1 + -1. What are the prime factors of (-19)/2*i*-2?
3, 19
Let s(l) = 0*l**2 + 5*l**2 - 6 - 7*l - 3*l**2 - l**2. Let p be s(9). List the prime factors of ((-8)/p)/(1/(-18)).
2, 3
Let k(b) = b**2 + b - 7. Let p be k(3). Suppose -g - p*d + 36 = -0*g, -5*d = 3*g - 58. List the prime factors of (2/6)/(g/198).
2, 3
Let n = 137 + 205. Suppose 0 = -14*g + 12*g + n. What are the prime factors of g?
3, 19
Let a(q) = q**3 - q**2 + 2*q + 196. Let v be (2 - 25/10)*0. What are the prime factors of a(v)?
2, 7
Suppose -15*k = -67*k + 180596. What are the prime factors of k?
23, 151
What are the prime factors of (-13 - -9)*((-522)/4)/1?
2, 3, 29
Let l(h) = 23*h**3 + h**2 - h + 1. Let t be l(1). Suppose 3*x + 4 - 13 = 0, -3*x = 3*j - t. Suppose -j*b + 35 = -50. What are the prime factors of b?
17
Let g(n) = 25*n - 7. Let v(z) = 37*z - 11. Let s(i) = -7*g(i) + 5*v(i). Let p be s(4). What are the prime factors of (-4)/(-2)*p/4?
17
Let m = 283 - 141. List the prime factors of m.
2, 71
Let z be (-1)/((45/(-10))/9). Suppose -3*y = -6, -4*n + 3*y + 32 = -z*n. What are the prime factors of n?
19
Let k = 1938 + 652. What are the prime factors of 4/(-6) - k/(-15)?
2, 43
Let d(c) = -32*c + 286. List the prime factors of d(-17).
2, 5, 83
Let i be (-2 + 6)/(4/(-2)). Let k(v) = 38*v**2 - 4*v - 5. Let s be k(i). Suppose -3*m - 2*m = -s. What are the prime factors of m?
31
Let s(o) = o**2 - 4*o - 169. List the prime factors of s(16).
23
Let x = -10 - 4. Let o be ((-80)/x)/((-8)/(-28)). Suppose 2*k - 2*w - 33 = 7, -k = -4*w - o. List the prime factors of k.
2, 5
Let f = 83 + -84. Let x(r) = -77*r**3 - r - 1. What are the prime factors of x(f)?
7, 11
Let w be ((-4)/(-2))/2 + 7. Suppose 0 = -5*r + 9*r - w. Suppose 0*x - x + 5*s + 52 = 0, r*x = 5*s + 109. What are the prime factors of x?
3, 19
Let f be 4/(24/(-3))*0. List the prime factors of -90*(f - 4/5).
2, 3
Let y = -65 + 401. What are the prime factors of y?
2, 3, 7
Let u(l) = 2*l**3 + 10*l**2 + 15*l - 5. Let g be u(-5). Let r = 160 + g. List the prime factors of r.
2, 5
Suppose 5*t + 5*d = 25, 0 = -t - 3*d + 3 + 4. Let m(u) = -u**3 + 6*u**2 + 6*u - 4. Let o be m(t). List the prime factors of (o/(-16))/(1/(-16)).
2, 13
Let i = -33 - -35. List the prime factors of ((-2)/(-1))/(i/18).
2, 3
Suppose a - 4*b = -604, 5*a - 424 + 3498 = 2*b. What are the prime factors of (a/(-6))/1 + (-2)/(-6)?
103
Let s(h) be the first derivative of h**3/3 - h**2/2 + 50*h + 76. Let y be (-4 - -4)/(3 + -1). What are the prime factors of s(y)?
2, 5
Let l(s) = 7*s - 18. Let w(k) = 3*k - 9. Let x(n) = 2*l(n) - 5*w(n). List the prime factors of x(-21).
2, 3, 5
Let h(j) = 2*j**2 + 3. Let g be h(5). Suppose 4*s - g + 1 = 0. What are the prime factors of (12 - s)*4/(-1)?
2
Let d(a) = -26*a + 376. What are the prime factors of d(-37)?
2, 3, 223
Suppose 10*q = -4*n + 6*q + 20528, 0 = -5*n + 4*q + 25642. List the prime factors of n.
2, 3, 5, 19
Let r(o) = 7*o + 2. Let b(t) = -6*t - 1. Let a(i) = -6*b(i) - 5*r(i). Let k be a(7). Suppose -2*u - k = -g - 4*u, 15 = g - 4*u. List the prime factors of g.
7
Let b(d) = 2*d - 6. Suppose -15 = z - 4*z. Let i be b(z). Suppose -2*x = -2*m + 44, -m + 0*m - i*x + 12 = 0. What are the prime factors of m?
2, 5
Suppose 7*z - 8*z = -4*b + 712, b - 2*z - 171 = 0. What are the prime factors of b?
179
Let w = 46 - -136. List the prime factors of w.
2, 7, 13
Let t = -1612 - -2708. List the prime factors of t.
2, 137
Let f be ((-87)/6)/((-1)/2). Suppose -29 = -2*a + x - 0*x, -3*a + 45 = -x. Let h = f - a. List the prime factors of h.
13
What are the prime factors of -55 + 5300 - (-1 - 2)?
2, 41
Suppose x + 126 = 2*b, 4*x + 347 = 5*b + 32. Let n = b - 38. List the prime factors of (-10)/(-15) - n/(-3).
3
Let v be (-60)/(-8)*20/15. Suppose 9*p = v*p - 109. List the prime factors of p.
109
Let i = 250 + 179. List the prime factors of i.
3, 11, 13
Let y = 18 + -15. List the prime factors of 1084/10 + 8/(-60)*y.
2, 3
Suppose -3*z - 5*t + 1566 = 0, 4*z + 1028 = 6*z - 2*t. List the prime factors of z.
11, 47
Let o be 6/(-3 - (-27)/6). Suppose n + o*p - 37 = 31, -152 = -3*n + p. List the prime factors of n.
2, 13
Let h(b) = b**3 + 6*b**2 - 9*b + 1. Let m be h(-8). Let y = m + 100. What are the prime factors of y?
3, 5
Suppose j - 4 = z, -5*z = -2*j - 2*j + 12. What are the prime factors of 400/22 - j/44?
2, 3
Suppose -2*i = 2*m + 4, -i + 7 = 2. Let r = 9 + m. Suppose -r*c + 22 = -18. What are the prime factors of c?
2, 5
Let u(r) = -323*r + 124. List the prime factors of u(-4).
2, 3, 59
What are the prime factors of (-1)/(-1*9/3393)?
13, 29
Suppose -4 = -2*w - 2*t + 3*t, 8 = 4*w - 5*t. Suppose -5*h + 293 = 3*k, 5*k = w*h + 4*k - 115. List the prime factors of h.
2, 29
Let x = -14 - -19. Suppose x*f = f + 20. Suppose f*t - 51 = 134. What are the prime factors of t?
37
Suppose -5*b + 7 = -8. Suppose -4*y + 368 = b*s - 0*s, 3*y = s + 263. List the prime factors of y.
89
Let s(d) be the second derivative of -d**4/12 - d**3 - 3*d**2/2 - 3*d. Let t be s(-5). Suppose t*o = 2 + 24. What are the prime factors of o?
13
Suppose 0 = -4*t - 5*a + 3386 + 1105, 3*t - 3369 = -3*a. List the prime factors of t.
2, 281
Let x(t) = -242*t - 66. Let u be x(8). What are the prime factors of u/(-8) + 26/(-104)?
2, 5
Suppose -5*a + 118 = -0*d + d, -4 = a. Suppose d = 3*j - 3*z, z - 140 + 33 = -2*j. What are the prime factors of j?
3, 17
Suppose -5*u = -31 + 316. Let p = 87 + u. Let n = 58 - p. List the prime factors of n.
2, 7
Let r(z) = -z**3 - 15*z**2 - 16*z + 14. Let h be r(-14). Let p be 18/h + 306/21. What are the prime factors of (-9)/15 - (-1089)/p?
2, 3
Let k = -296 + 628. What are the prime factors of k?
2, 83
Let w(v) = -4*v**2 + 3*v - 1. Let q be w(5). Let n be (-8)/60 - q/(-30). Let m(d) = -8*d - 2. List the prime factors of m(n).
2, 11
Let o = 502 + -329. What are the prime factors of o?
173
Let r(y) = 2*y**2 + 2*y - 7. Let j = -21 + 26. Let n be r(j). Suppose -f - 96 = -5*f - u, -n = -3*f + 4*u. What are the prime factors of f?
23
Let v be (1370/2 - -2) + 10 + -10. Suppose -v = -6*i + 21. List the prime factors of i.
2, 59
Suppose 3*z + 1 = 13. Suppose -189 = -2*r - i + z*i, 2*i = 4*r - 390. What are the prime factors of r?
3, 11
Let f(x) = x - 5. Let o be f(10). Suppose -c = -5*h, o*c + 3*h - 7*h = 0. Let v(n) = n + 9. What are the prime factors of v(c)?
3
Let c be (117/(-52))/(-1 - 5/(-4)). Let j(z) = z**3 + 10*z**2 - z - 5. What are the prime factors of j(c)?
5, 17
Suppose -7*w = -13001 - 5794. What are the prime factors of w?
3, 5, 179
Let k(h) = -h**3 + 11*h**2 - 3*h + 27. Let w be k(11). List the prime factors of 328 + 0*(-5 - w).
2, 41
Let k = -64 - 54. Let m = k - -194. What are the prime factors of m?
2, 19
Let q(y) = 50*y - 44. What are the